{"id":4893,"date":"2018-10-31T09:51:07","date_gmt":"2018-10-31T08:51:07","guid":{"rendered":"https:\/\/www.aieop.org\/web\/web\/?page_id=4893"},"modified":"2022-07-25T09:43:28","modified_gmt":"2022-07-25T07:43:28","slug":"informativa-sulla-privacy","status":"publish","type":"page","link":"https:\/\/www.aieop.org\/web\/informativa-sulla-privacy\/","title":{"rendered":"Informativa sulla privacy"},"content":{"rendered":"<div class=\"fusion-fullwidth fullwidth-box fusion-builder-row-1 nonhundred-percent-fullwidth non-hundred-percent-height-scrolling\" style=\"--awb-border-radius-top-left:0px;--awb-border-radius-top-right:0px;--awb-border-radius-bottom-right:0px;--awb-border-radius-bottom-left:0px;--awb-padding-top:20px;--awb-padding-right:0px;--awb-padding-bottom:20px;--awb-padding-left:0px;--awb-flex-wrap:wrap;\" id=\"fieop-box\" ><div class=\"fusion-builder-row fusion-row\"><div class=\"fusion-layout-column fusion_builder_column fusion-builder-column-0 fusion_builder_column_1_1 1_1 fusion-one-full fusion-column-first fusion-column-last\" style=\"--awb-bg-size:cover;\"><div class=\"fusion-column-wrapper fusion-flex-column-wrapper-legacy\"><div class=\"fusion-title title fusion-title-1 fusion-title-text fusion-title-size-two pagina-interna\"><h2 class=\"fusion-title-heading title-heading-left\" style=\"margin:0;\">Informativa sulla privacy<\/h2><span class=\"awb-title-spacer\"><\/span><div class=\"title-sep-container\"><div class=\"title-sep sep-double sep-solid\" style=\"border-color:#e0dede;\"><\/div><\/div><\/div><div class=\"fusion-text fusion-text-1\"><p class=\"western\" align=\"justify\"><b>Informativa sul trattamento dei dati personali degli utenti del sito web di<br \/>\u201cAIEOP.org\u201d<\/b><\/p>\n<p class=\"western\" align=\"justify\">Artt. 13 e 14 del Regolamento 2016\/679\/UE (nel seguito anche \u201cGDPR\u201d)<\/p>\n<p class=\"western\" align=\"justify\"><b>Perch\u00e9 questo avviso<\/b><\/p>\n<p class=\"western\" align=\"justify\">L\u2019Associazione Italiana di Ematologia e Oncologia Pediatrica (nel seguito anche<br \/>\u201cAIEOP\u201d o \u201cTitolare\u201d) \u00e8<br \/>impegnata nel rispetto e nella protezione della tua privacy e desidera che ti senta sicuro sia durante la<br \/>semplice navigazione del sito sia nel caso in cui decida di registrarti fornendoci i tuoi dati personali per<br \/>usufruire dei servizi resi disponibili ai propri Soci e\/o agli Utenti. In questa pagina AIEOP intende fornire<br \/>alcune informazioni sul trattamento dei dati personali relativi ai Soci e agli utenti che visitano o consultano il<br \/>sito web accessibile per via telematica a partire dall\u2019indirizzo <b>www.aieop.org<\/b> (il \u201cSito\u201d). L&#8217;informativa \u00e8<br \/>resa<br \/>solo per il sito web di AIEOP e non anche per altri siti web eventualmente consultati dall&#8217;utente tramite link<br \/>(per i quali si rinvia alle rispettive informative\/policies in tema privacy). La riproduzione od utilizzo di pagine,<br \/>materiali ed informazioni contenuti all&#8217;interno del Sito, con qualsiasi mezzo e su qualsiasi supporto, non \u00e8<br \/>consentita senza il preventivo consenso scritto di AIEOP. \u00c8 consentita la copia e\/o la stampa per uso<br \/>esclusivamente personale e non commerciale (per richieste e chiarimenti contattare AIEOP ai recapiti sotto<br \/>indicati). Altri usi dei contenuti, servizi e delle informazioni presenti su questo sito non sono consentiti.<br \/>Relativamente ai contenuti offerti ed alle informazioni fornite, AIEOP far\u00e0 in modo di mantenere i contenuti<br \/>del Sito ragionevolmente aggiornati e rivisti, senza offrire alcuna garanzia sull&#8217;adeguatezza, esattezza o<br \/>completezza delle informazioni fornite declinando esplicitamente ogni responsabilit\u00e0 per eventuali errori<br \/>d&#8217;omissione nelle informazioni fornite nel Sito.<\/p>\n<p class=\"western\" align=\"justify\">Relativamente ai contenuti offerti ed alle informazioni fornite, AIEOP far\u00e0 in modo<br \/>di mantenere i contenuti<br \/>del Sito ragionevolmente aggiornati e rivisti, senza offrire alcuna garanzia sull&#8217;adeguatezza, esattezza o<br \/>completezza delle informazioni fornite declinando esplicitamente ogni responsabilit\u00e0 per eventuali errori<br \/>d&#8217;omissione nelle informazioni fornite nel Sito.<\/p>\n<p class=\"western\" align=\"justify\"><b>Origine &#8211; Dati di navigazione<\/b><\/p>\n<p class=\"western\" align=\"justify\">AIEOP informa che i dati personali da te forniti ed acquisiti contestualmente alla<br \/>richiesta di associazione,<br \/>d\u2019informazioni e\/o contatto, registrazione al sito ed utilizzo dei servizi informativi eventualmente anche<br \/>mediante smartphone o qualunque altro strumento impiegato per accedere ad Internet, nonch\u00e9 i dati<br \/>necessari all&#8217;erogazione di tali informazioni e servizi, ivi compresi i dati di \u201cnavigazione\u201d del sito da parte dei<br \/>Soci e degli Utenti, saranno trattati nel rispetto della normativa applicabile. I sistemi informatici e le<br \/>procedure software utilizzate per il funzionamento di questo sito web acquisiscono, nel corso del loro<br \/>normale esercizio, alcuni dati personali la cui trasmissione \u00e8 implicita nell&#8217;uso della rete Internet. Si tratta di<br \/>informazioni che non sono raccolte per essere associate a interessati identificati, ma che per loro stessa<br \/>natura potrebbero, attraverso elaborazioni ed associazioni con dati detenuti da terzi, permettere di<br \/>identificare gli utenti navigatori. In questa categoria di dati rientrano gli &#8220;indirizzi IP&#8221; o i nomi a dominio dei<br \/>computer utilizzati dagli utenti che si connettono al sito, gli indirizzi in notazione URI (Uniform Resource<br \/>Identifier) delle risorse richieste, l&#8217;orario della richiesta, il metodo utilizzato nel sottoporre la richiesta al<br \/>server web, la dimensione del file ottenuto in risposta, il codice numerico indicante lo stato della risposta<br \/>data dal server web (buon fine, errore, ecc.) ed altri parametri relativi al sistema operativo ed all&#8217;ambiente<br \/>informatico dell&#8217;utente. Questi dati vengono utilizzati al solo fine di ricavare informazioni statistiche anonime<br \/>sull&#8217;uso del sito e per controllare il corretto funzionamento del sito web di AIEOP. Si evidenzia che i predetti<br \/>dati potrebbero essere utilizzati per l&#8217;accertamento di responsabilit\u00e0 in caso di reati informatici ai danni del<br \/>sito di AIEOP o ad altri siti ad esso connessi o collegati: salva questa eventualit\u00e0, allo stato i dati sui contatti<br \/>web non persistono per pi\u00f9 di pochi giorni.<\/p>\n<p class=\"western\" align=\"justify\"><b>Origine &#8211; Dati forniti dall&#8217;utente<\/b><\/p>\n<p class=\"western\" align=\"justify\">AIEOP raccoglie, conserva ed elabora i dati personali di quanti richiedono,<br \/>attraverso l\u2019apposita sezione del<br \/>sito, di divenire Soci. Inoltre, i dati personali degli utenti potrebbero essere trattati allo scopo di fornire<br \/>riscontro ad eventuali richieste di informazioni relative alla attivit\u00e0 di ricerca scientifica svolta da AIEOP,<br \/>ovvero per obblighi di Legge.<\/p>\n<p class=\"western\" align=\"justify\">L\u2019invio facoltativo, esplicito e volontario di posta elettronica agli indirizzi<br \/>indicati nell&#8217;apposita sezione del Sito<br \/>Web, nonch\u00e9 la compilazione di eventuali questionari (es. form), comporta la successiva acquisizione di alcuni<br \/>tuoi dati personali necessari per rispondere alle richieste.<\/p>\n<p class=\"western\" align=\"justify\"><b>Finalit\u00e0 del trattamento e base giuridica<\/b><\/p>\n<p class=\"western\" align=\"justify\">I dati sono trattati per le finalit\u00e0:<\/p>\n<ol>\n<li>\n<p align=\"justify\">strettamente connesse e necessarie al funzionamento del sito <span style=\"color: #0000ff;\"><u><a href=\"http:\/\/www.aieop.org\/\">www.aieop.org<\/a><\/u><\/span> alla fruizione<br \/>dei relativi servizi informativi, alla gestione delle richieste di associazione ovvero di contatto o di<br \/>richiesta d&#8217;informazioni;<\/p>\n<\/li>\n<li>\n<p align=\"justify\">per le attivit\u00e0 ancillari connesse alla gestione delle richieste del Socio e\/o dell\u2019utente e<br \/>l\u2019invio del riscontro che pu\u00f2 prevedere la trasmissione di materiale informativo\/divulgativo anche<br \/>attraverso news-letters;<\/p>\n<\/li>\n<li>\n<p align=\"justify\">correlate all&#8217;adempimento di obblighi previsti da normative comunitarie e nazionali, alla<br \/>tutela dell&#8217;ordine pubblico, all&#8217;accertamento e repressione dei reati;<\/p>\n<\/li>\n<\/ol>\n<p class=\"western\" align=\"justify\">Il conferimento dei dati per le finalit\u00e0 di cui ai punti 1), 2) e 3), connessa ad una<br \/>fase pre-contrattuale e\/o<br \/>contrattuale ovvero funzionale ad una richiesta dell\u2019utente o disciplinata da una specifica previsione<br \/>normativa, \u00e8 obbligatorio e, in difetto, non sar\u00e0 possibile presentare la richiesta di associazione, ricevere le<br \/>informazioni ed accedere ai servizi eventualmente disponibili.<\/p>\n<p class=\"western\" align=\"justify\">I dati raccolti potrebbero contenere anche quelli che, ai sensi dell\u2019art. 9 del GDPR<br \/>sono definiti dati<br \/>\u201cParticolari\u201d. In tale evenienza ti segnaliamo che a fronte della trasmissione di dati Particolari, ma in assenza<br \/>di specifica manifestazione del consenso a trattare tali dati, AIEOP non potr\u00e0 essere ritenuta responsabile a<br \/>nessun titolo, n\u00e9 potr\u00e0 ricevere contestazioni di sorta, poich\u00e9 in tal caso il trattamento sar\u00e0 consentito, ai<br \/>sensi dell\u2019art. 9(1)(e) del GDPR, poich\u00e9 i dati sono resi volontariamente pubblici dall&#8217;interessato. In ogni caso<br \/>\u00e8 opportuno manifestare l\u2019esplicito consenso al trattamento dei dati Particolari, laddove decidesse di<br \/>condividere tali informazioni.<\/p>\n<p class=\"western\" align=\"justify\"><span style=\"font-size: medium;\"><b>Modalit\u00e0, logiche del trattamento, tempi di conservazione e misure di sicurezza<\/b><\/span><\/p>\n<p class=\"western\" align=\"justify\">Il trattamento \u00e8 effettuato anche con l\u2019ausilio di mezzi elettronici o comunque<br \/>automatizzati ed \u00e8 svolto da<br \/>AIEOP e\/o da terzi di cui AIEOP pu\u00f2 avvalersi per memorizzare, gestire e trasmettere i dati stessi. Il<br \/>trattamento dei dati sar\u00e0 effettuato con logiche di organizzazione ed elaborazione dei tuoi dati personali,<br \/>anche relativi ai log originati dall\u2019accesso ed utilizzo del sito web, dei servizi eventualmente disponibili<br \/>utilizzati, correlate alle finalit\u00e0 sopra indicate e, comunque, in modo da garantire la sicurezza e la riservatezza<br \/>dei dati. I dati personali trattati verranno conservati per i tempi previsti dalla normativa nel tempo<br \/>applicabile<\/p>\n<p class=\"western\" align=\"justify\"><span style=\"font-size: medium;\"><b>Cookies<\/b><\/span><\/p>\n<p class=\"western\" align=\"justify\">Un cookie \u00e8 una breve stringa di testo che viene inviata al tuo browser e,<br \/>eventualmente, salvata sul tuo computer (in alternativa sul tuo smartphone\/tablet o qualunque altro strumento<br \/>utilizzato per accedere ad Internet); tale invio si verifica generalmente ogni volta che visiti un sito web. AIEOP<br \/>utilizza i cookie per diverse finalit\u00e0, allo scopo di offrirti un\u2019esperienza digitale rapida e sicura, ad esempio,<br \/>permettendoti di mantenere attiva la connessione all\u2019area protetta durante la navigazione attraverso le pagine del<br \/>sito.<\/p>\n<p class=\"western\" align=\"justify\">Un cookie \u00e8 una breve stringa di testo che viene inviata al tuo browser e,<br \/>eventualmente, salvata sul tuo<br \/>computer (in alternativa sul tuo smartphone\/tablet o qualunque altro strumento utilizzato per accedere ad<br \/>Internet); tale invio si verifica generalmente ogni volta che visiti un sito web. AIEOP utilizza i cookie per<br \/>diverse finalit\u00e0, allo scopo di offrirti un\u2019esperienza digitale rapida e sicura, ad esempio, permettendoti di<br \/>mantenere attiva la connessione all\u2019area protetta durante la navigazione attraverso le pagine del sito.<br \/>I cookie memorizzati sul tuo terminale non possono essere utilizzati per richiamare nessun dato dal tuo hard<br \/>disk, trasmettere virus informatici o identificare ed utilizzare il tuo indirizzo e-mail. Ogni cookie \u00e8 unico in<br \/>relazione al browser e dispositivo da te utilizzati per accedere al Sito Web di AIEOP. In genere, la finalit\u00e0 dei<br \/>cookie \u00e8 migliorare il funzionamento del sito web e l&#8217;esperienza dell&#8217;utente nell&#8217;utilizzo dello stesso, anche<br \/>se i cookie possono essere utilizzati per inviare messaggi pubblicitari (come di seguito specificato). Per<br \/>maggiori informazioni su che cosa sono i cookie e come funzionano, puoi consultare il sito web \u201cAll about<br \/>cookies\u201d http:\/\/www.allaboutcookies.org.<\/p>\n<p class=\"western\" align=\"justify\"><b>Cookie di Prima Parte e Cookie di Terzi<\/b><\/p>\n<p class=\"western\" align=\"justify\">Quando accedi al Sito Web ricevi cookie che vengono definiti di \u201cPrima parte\u201d perch\u00e9<br \/>inviati direttamente<br \/>dal sito di AIEOP con lo scopo sostanziale di far funzionare il Sito Web in modo efficiente e di tracciare i<br \/>modelli di comportamento dei visitatori del Sito: tali cookie sono completamente governati dal Titolare a<br \/>differenza di quelli definiti di \u201cTerza parte\u201d ossia inviati da soggetti Terzi che potrebbero proporre messaggi<br \/>promozionali personalizzati in base alle sue preferenze e che sono fuori dal controllo di AIEOP.<\/p>\n<p class=\"western\" align=\"justify\"><b>Cookie tecnici e di marketing<\/b><\/p>\n<p class=\"western\" align=\"justify\">Sono tecnici i cookie che hanno la funzione di rendere possibile la migliore qualit\u00e0<br \/>di utilizzo del sito in base<br \/>alle caratteristiche del browser utilizzato sul computer, in alternativa sul tuo smartphone\/tablet o qualunque<br \/>altro strumento utilizzato per accedere ad Internet. Tali sono anche i cookies analytics utilizzati per rilevare<br \/>le performance del Sito Web, la pagina visitate, i tempi di navigazione ed altre informazioni utili a migliorare<br \/>il sito.<br \/>Il Titolare utilizza solo cookie tecnici o analytics di terze parti che hanno adottato strumenti idonei a ridurre il potere identificativo (ad esempio,<br \/>mediante il mascheramento di porzioni significative dell&#8217;indirizzo IP).<\/p>\n<p class=\"western\" align=\"justify\">Qualora desiderassi bloccare o cancellare i cookie ricevuti dal sito, puoi farlo cambiando le impostazioni del<br \/>tuo browser. Ricorda che se scegli di disabilitare tutti i cookie, anche i cookie necessari, funzionali e di<br \/>performance saranno bloccati e questo potrebbe causare disagi alla tua navigazione sul sito di AIEOP. Ad<br \/>esempio, riuscirai a visitare le pagine pubbliche del sito, ma potresti non essere in grado di accedere ad<br \/>eventuali aree ad accesso riservato.<\/p>\n<p class=\"western\" align=\"justify\"><span style=\"font-size: medium;\"><b>Ambiti di comunicazione e trasferimento dei dati.<\/b><\/span><\/p>\n<p class=\"western\" align=\"justify\">Per il perseguimento delle finalit\u00e0 sopra indicate AIEOP tratter\u00e0 all\u2019interno dell\u2019Unione Europea i dati<br \/>personali dei Soci e\/o utenti. Tali dati potranno essere comunicati a soggetti terzi con i quali AIEOP ha<br \/>rapporti, laddove queste terze parti forniscono servizi su nostra richiesta. Forniremo a queste terze parti<br \/>solamente le informazioni necessarie ad effettuare i servizi richiesti prendendo tutte le misure per tutelare i<br \/>tuoi dati personali. I dati potranno essere trasferiti al di fuori dello Spazio Economico Europeo qualora ci\u00f2<br \/>risulti necessario per la gestione della Sua richiesta di informazioni o per attivit\u00e0 connesse alla missione<br \/>istituzionale di AIEOP. In tal caso, ai soggetti destinatari dei dati saranno imposti obblighi di protezione e<br \/>sicurezza equivalenti a quelli garantiti dal Titolare. In ogni caso, saranno comunicati i soli dati necessari al<br \/>perseguimento degli scopi previsti e saranno applicate, ove richiesto, le garanzie applicabili ai trasferimenti<br \/>di dati verso paesi terzi. Inoltre i dati personali potranno essere comunicati ai competenti soggetti pubblici<br \/>ed autorit\u00e0 per esigenze di adempimento ad obblighi normativi o per l&#8217;accertamento di responsabilit\u00e0 in caso<br \/>di reati informatici ai danni del sito nonch\u00e9 comunicati a, o allocati presso, soggetti terzi (in qualit\u00e0 di<br \/>responsabili o, ove si tratti di fornitori di servizi di comunicazione elettronica, di autonomi titolari), che<br \/>prestano servizi informatici e telematici (es.: servizi di hosting, di gestione e sviluppo di siti web) e di cui<br \/>AIEOP si avvale per lo svolgimento di compiti ed attivit\u00e0 di natura anche tecnica ed organizzativa strumentali<br \/>al funzionamento del sito web. I soggetti appartenenti alle categorie sopra riportate operano come distinti<br \/>Titolari del trattamento o in qualit\u00e0 di Responsabili all&#8217;uopo nominati da AIEOP.<\/p>\n<p class=\"western\" align=\"justify\">I dati personali potranno, inoltre, essere conosciuti dai dipendenti\/consulenti di AIEOP che, autorizzati, sono<br \/>appositamente istruiti e nominati Incaricati del trattamento.<\/p>\n<p class=\"western\" align=\"justify\"><b>Responsabile della protezione dei dati (Data Protection Officer, D.P.O.)<\/b><\/p>\n<p class=\"western\" align=\"justify\">AIEOP ha nominato il Responsabile della protezione dei dati (Data Protection Officer, D.P.O.), contattabile al<br \/>seguente indirizzo e mail dpo@aieop.org.<\/p>\n<p class=\"western\" align=\"justify\"><b>Diritti degli interessati<\/b><\/p>\n<p class=\"western\" align=\"justify\">Potrai esercitare in ogni momento i diritti che ti sono riconosciuti dalla legge, tra i quali quello di:<\/p>\n<ol type=\"a\">\n<li>\n<p align=\"justify\">accedere ai Suoi dati personali, ottenendo evidenza delle finalit\u00e0 perseguite da parte del<br \/>Titolare, delle categorie di dati coinvolti, dei destinatari a cui gli stessi possono essere comunicati, del<br \/>periodo di conservazione applicabile, dell\u2019esistenza di processi decisionali automatizzati;<\/p>\n<\/li>\n<li>\n<p align=\"justify\">ottenere senza ritardo la rettifica dei dati personali inesatti che La riguardano;<\/p>\n<\/li>\n<li>\n<p align=\"justify\">ottenere, nei casi previsti, la cancellazione dei Suoi dati;<\/p>\n<\/li>\n<li>\n<p align=\"justify\">ottenere la limitazione del trattamento o di opporsi allo stesso, quando possibile;<\/p>\n<\/li>\n<li>\n<p align=\"justify\">richiedere la portabilit\u00e0 dei dati che Lei ha fornito a AIEOP, vale a dire di riceverli in un<br \/>formato strutturato, di uso comune e leggibile da dispositivo automatico, anche per trasmettere tali dati ad<br \/>un altro titolare, se applicabile nei limiti e con in vincoli previsti dall\u2019art. 20 del GDPR;<\/p>\n<\/li>\n<\/ol>\n<p align=\"justify\">Inoltre, potr\u00e0 proporre reclamo all&#8217;Autorit\u00e0 Garante per la Protezione dei Dati Personali ai sensi<br \/>dell&#8217;art. 77 del GDPR.<\/p>\n<p align=\"justify\">I diritti sopra indicati possono essere esercitati su richiesta dell\u2019Interessato utilizzando i<br \/>seguenti riferimenti: AIEOP -presso Policlinico Sant&#8217;Orsola &#8211; Malpighi -Rif. Privacy- via Massarenti 11 Bologna o<br \/>via e-mail: segreteria@aieop.org.<\/p>\n<p class=\"western\" align=\"justify\"><b>Il Titolare del trattamento <\/b><\/p>\n<p class=\"western\" align=\"justify\">Titolare del trattamento \u00e8 <b>AIEOP<\/b> &#8211; Associazione Italiana Ematologia Oncologia<br \/>Pediatrica, con sede legale in via Massarenti 11 Bologna, e-mail <span style=\"color: #0000ff;\"><u><a href=\"mailto:segreteria@aieop.org\">segreteria@aieop.org<\/a><\/u><\/span>, tel. 051345759.<\/p>\n<p class=\"western\" align=\"justify\">L&#8217;uso del Sito Web, incluso di quelli destinati a tablet e\/o smartphone, da parte del Cliente e\/o dell\u2019Utente<br \/>implica la piena conoscenza e accettazione del contenuto e delle eventuali indicazioni incluse in questa<br \/>versione di informativa pubblicata da AIEOP nel momento in cui il sito viene acceduto. AIEOP informa che la<br \/>presente informativa pu\u00f2 essere modificata senza alcun preavviso e quindi ne consiglia una lettura periodica.<\/p>\n<p class=\"western\" align=\"justify\">La presente informativa privacy \u00e8 stata aggiornata il 10 gennaio 2019.<\/p>\n<\/div><div class=\"fusion-clearfix\"><\/div><\/div><\/div><\/div><\/div>\n","protected":false},"excerpt":{"rendered":"","protected":false},"author":1,"featured_media":0,"parent":0,"menu_order":0,"comment_status":"closed","ping_status":"closed","template":"","meta":{"footnotes":""},"class_list":["post-4893","page","type-page","status-publish","hentry"],"_links":{"self":[{"href":"https:\/\/www.aieop.org\/web\/wp-json\/wp\/v2\/pages\/4893","targetHints":{"allow":["GET"]}}],"collection":[{"href":"https:\/\/www.aieop.org\/web\/wp-json\/wp\/v2\/pages"}],"about":[{"href":"https:\/\/www.aieop.org\/web\/wp-json\/wp\/v2\/types\/page"}],"author":[{"embeddable":true,"href":"https:\/\/www.aieop.org\/web\/wp-json\/wp\/v2\/users\/1"}],"replies":[{"embeddable":true,"href":"https:\/\/www.aieop.org\/web\/wp-json\/wp\/v2\/comments?post=4893"}],"version-history":[{"count":7,"href":"https:\/\/www.aieop.org\/web\/wp-json\/wp\/v2\/pages\/4893\/revisions"}],"predecessor-version":[{"id":8287,"href":"https:\/\/www.aieop.org\/web\/wp-json\/wp\/v2\/pages\/4893\/revisions\/8287"}],"wp:attachment":[{"href":"https:\/\/www.aieop.org\/web\/wp-json\/wp\/v2\/media?parent=4893"}],"curies":[{"name":"wp","href":"https:\/\/api.w.org\/{rel}","templated":true}]}}